u be 2*(6/(-3) - -4). Let w be b(u). Suppose w = -5*o + 24 + 26. What is the highest common factor of o and 40?
10
Suppose 3*m + 8*l - 820 = 3*l, 0 = 4*m - 4*l - 1104. Calculate the greatest common factor of m and 25.
25
Let p(b) = -2*b - 13. Let h be p(-9). Let x = h + -2. What is the highest common factor of 3 and x?
3
Let n = -24 + 34. Calculate the highest common divisor of n and 80.
10
Let y = 29 - -18. What is the greatest common divisor of 47 and y?
47
Let a(t) = t**2 - t - 4. Let x be a(3). Suppose -x*z - 9 = -5*z. Suppose -o + 24 = -z*f, -o + 2*f - 11 = -33. Calculate the greatest common factor of 27 and o.
9
Let j be ((-14)/(-4)*-28)/(-4 - -2). Calculate the greatest common factor of 7 and j.
7
Let w(y) = 3*y - 52. Let q be w(19). Let k = 39 - 24. What is the greatest common factor of q and k?
5
Let s be 1*(-4)/(-6)*3. Calculate the greatest common divisor of s and 20.
2
Suppose 0 = -5*z + 44 - 14. Calculate the greatest common divisor of 30 and z.
6
Let v = 35 + -53. Let j = v + 25. Calculate the highest common factor of j and 1.
1
Suppose -m - 12 + 32 = 0. Let a(i) = 11*i - 1. Suppose 5*c - 5*x + 5 = 35, 0 = -2*c + x + 7. Let y be a(c). What is the highest common factor of m and y?
10
Suppose -3*q + 12 = 0, -4*q + 64 = 2*x - 0*x. What is the greatest common factor of x and 192?
24
Suppose -5*b - 4*s + 646 = 0, 5*b = -3*s - 0*s + 642. Let l be 8/(-6)*(-63)/6. What is the greatest common divisor of b and l?
14
Let q be ((-2)/(-5))/(11/990). Suppose 0*l + 2*l = q. What is the greatest common factor of 72 and l?
18
Let p(o) = o**2 - 11*o + 7. Let v be p(11). Calculate the greatest common divisor of v and 35.
7
Let z = -5 + 19. Let d be (4 + 0)/(7/z). Calculate the highest common divisor of 16 and d.
8
Suppose 2*b + 4*g - 132 = 0, 0*g - g = -2*b + 147. What is the highest common factor of 9 and b?
9
Let q(c) = -c**3 - 9*c**2 + 20*c - 4. Let k be q(-11). Let o = -198 - -288. What is the greatest common factor of k and o?
18
Suppose 3 + 1 = -2*s. Let j = 2 - s. Let q = -31 + 51. What is the greatest common factor of j and q?
4
Let y(d) = -d**3 - 2*d**2 - 4*d - 2. Let g be y(-1). Suppose -32 = -3*z - z. What is the greatest common divisor of g and z?
1
Let i(w) = 15*w. Let v(a) = -330*a. Let g(t) = 45*i(t) + 2*v(t). Let p be g(3). Calculate the highest common factor of p and 18.
9
Let s be (-4)/(-18) + 698/18. Let t = -4 + s. Suppose -7*i + 70 = -2*i. What is the greatest common divisor of t and i?
7
Let s(q) = q**2 + 8*q + 3. Let t be s(-9). What is the highest common divisor of 60 and t?
12
Let g = -16 - -52. Suppose -5*l = -4*f + 56, -l + 6*l = -20. What is the greatest common factor of f and g?
9
Let n be 112/6*9/6. Suppose -5*w - 2 + 37 = -5*b, -17 = -5*w - b. What is the highest common factor of w and n?
4
Let g(y) = -17*y - 5. Let w be g(-4). Suppose 4*h = 3*h + w. What is the highest common divisor of h and 7?
7
Let z(y) = 56*y**3 - 2*y**2 + y. Let a be ((-4)/(-4))/((-2)/(-2)). Let m be z(a). Suppose -3*w = -0 - 33. What is the greatest common factor of w and m?
11
Let b be 40/12*24/10. Let q be b + 2*3/6. Let f(o) = 8*o**2 - o. Let a be f(-1). Calculate the highest common divisor of q and a.
9
Let r be -1*(3 - -7)*1. Let k = -7 - r. What is the highest common divisor of k and 3?
3
Let k be (-8)/(-32) - 34/8. Let v be ((-2)/k)/((-3)/18). Let g be 20/12*v/(-1). What is the highest common factor of 25 and g?
5
Let x = -100 - -138. What is the highest common divisor of 418 and x?
38
Suppose 5*k = -s + 256, 2*s = 2*k - 0*s - 100. Let l = 6 + 11. What is the highest common divisor of l and k?
17
Let l = 14 - 11. Calculate the highest common factor of 12 and l.
3
Suppose -5*o + 11 = 51. Let g(i) be the first derivative of -i**4/4 - 3*i**3 - 5*i**2 - 3*i - 3. Let r be g(o). What is the highest common divisor of r and 13?
13
Let o(z) = -z**3 + 4*z - 3. Let c be o(-4). Calculate the greatest common factor of 9 and c.
9
Suppose d + 7 = k, 5*d + 18 = -7. Let b be (-2)/2 + (13 - k). What is the greatest common factor of b and 80?
10
Suppose 0 = -4*x + 1006 + 6. Let v = -132 + x. Calculate the greatest common factor of v and 11.
11
Suppose y + 0 - 8 = 0. Suppose 1 = -u + y. Calculate the highest common factor of 56 and u.
7
Let j(z) = -2*z**3 - 7*z**2 - 7*z - 4. Let d be j(-4). Calculate the greatest common factor of d and 10.
10
Suppose 13*c = 69 + 1816. Suppose 2*j + 0*j + 2*r - 54 = 0, -5*j + 151 = -3*r. What is the greatest common divisor of j and c?
29
Let g = 7 - 2. What is the highest common divisor of 35 and g?
5
Suppose 2*o - 2*n = 20, 5*n + 0*n = 4*o - 44. What is the highest common divisor of 15 and o?
3
Suppose -3*o - 21 + 0 = 0. Let v = -3 - o. Let y(m) = m + 10. Let l be y(-6). Calculate the highest common divisor of v and l.
4
Let n be (-13)/(-2)*(-176)/(-22). What is the highest common divisor of 78 and n?
26
Suppose k = 2*k - 26. Calculate the greatest common divisor of k and 65.
13
Suppose -2*r - 53 = -3*r. Suppose -2 - r = -5*w. Let o be -1 - -2 - (6 - 3 - 123). Calculate the greatest common factor of w and o.
11
Suppose -3*q - 3*f + 79 = 2*q, -5*q - f = -73. What is the highest common divisor of 28 and q?
14
Let u = 4 - -5. Let a(x) be the first derivative of -x**4/4 + 8*x**3/3 + 5*x**2 + x + 12. Let q be a(u). What is the greatest common divisor of q and 80?
10
Let i(x) = 6*x - 38. Let v be i(7). What is the greatest common factor of 10 and v?
2
Suppose -4*g = -136 - 212. Calculate the greatest common divisor of 58 and g.
29
Let v(h) = h**2 + 3*h - 2. Let a be v(2). Let z = 52 + 36. Calculate the greatest common factor of a and z.
8
Suppose -5*z + 98 = 3*s, 2*s - 61 = -3*z - 2. Calculate the greatest common factor of z and 19.
19
Suppose 0 = o - 8*o + 308. Calculate the greatest common factor of o and 4.
4
Suppose 0 = 100*u - 98*u - 182. What is the greatest common divisor of u and 13?
13
Suppose -3*t = 3*z + 35 - 281, -2*t - 346 = -4*z. Calculate the greatest common factor of 17 and z.
17
Let z = -5 + -19. Let q be 4/(-10) + z/(-10). Suppose -2*x = q*x - 160. Calculate the greatest common factor of 10 and x.
10
Let s = -36 - -44. Suppose t = 6 + 2. Calculate the greatest common divisor of s and t.
8
Let m(w) = 20*w + 3. Let t be m(5). Let k = t + 32. Suppose -5*h = 5*q - 100, -3*q + 24 = h - 26. What is the greatest common factor of q and k?
15
Let a = -2 + 3. Let v(j) = 3*j**2 - 1. Let f be v(a). Let x be f + (0 - -2 - -29). Calculate the greatest common divisor of 22 and x.
11
Let d be (16/(-5))/((-2)/30). Calculate the greatest common factor of 3 and d.
3
Suppose l - 3 = -2*p + 9, 0 = 3*p + 2*l - 20. Suppose -2 = -5*u + 23. Suppose -4*x - 4*b = 0, x + u + 7 = -4*b. What is the highest common divisor of x and p?
4
Suppose -2*j + 8 - 24 = -y, -4*j + 66 = 5*y. What is the highest common divisor of y and 126?
14
Suppose 3*a + 3*y - 22 = -a, -a + 5*y - 6 = 0. What is the greatest common divisor of a and 28?
4
Suppose -76 = -2*s - 3*t, -s - 3*t + 2*t = -37. What is the highest common factor of s and 5?
5
Suppose -4*t - t + 20 = 0. Suppose -2*z - t*x = -176, 0 = z - 4*z + 4*x + 264. What is the highest common divisor of 8 and z?
8
Suppose -u + 54 - 17 = 0. Calculate the highest common divisor of u and 407.
37
Let f be (-1684)/(-12) - (-2)/(-6). Suppose 2*u = d + 24, -u - 2 = -2*d - 8. What is the greatest common divisor of u and f?
14
Let m(u) = u**3 + 18*u**2 + 29*u - 18. Let t be m(-16). Calculate the greatest common factor of t and 5.
5
Let q = 14 - 13. Let n be q/(-8) - (-1604)/32. What is the highest common divisor of n and 10?
10
Suppose 6 = -z - z. Let u(k) = 2*k**2 + 2*k + 1. Let c be u(z). Let q = -56 - -95. Calculate the highest common factor of q and c.
13
Let k(m) = -m**2 - 6*m + 2. Let o be k(-3). Let w = 17 - o. What is the greatest common factor of 12 and w?
6
Let d = 34 - 15. Let z = -24 - 3. Let o = 46 + z. What is the greatest common divisor of d and o?
19
Suppose 4*t = 2*t - 28. Let n = 4 - t. Calculate the greatest common factor of n and 9.
9
Let z = -10 + 12. Suppose -4*v - i - z*i = -200, -5*v + 250 = 5*i. Calculate the greatest common divisor of v and 20.
10
Suppose -5*d + 5 + 1 = -a, 18 = a + 3*d. Let z be 6/(-9) + 78/a. Calculate the highest common factor of z and 4.
4
Let t(w) = -1 - 2*w + 1 + 79